0)/((-4)/x). Suppose -5*d - 7*a + g*a + 761 = 0, -2*a - 290 = -2*d. Is d a composite number?
False
Let w = 8684 - 6169. Is w prime?
False
Let z be 1/7 - 40/(-14). Suppose z*o = -o - 8. Is 3/1 - 20/o prime?
True
Suppose 2*g - 5*q = -25, g = -3*q - 12 - 6. Is 13/(3/g - (-54)/195) composite?
True
Suppose j + s = 78559 - 22813, 278729 = 5*j + 4*s. Is j a prime number?
False
Suppose 2*z + 897 = -11*z. Is z/12*31*(-9 + 5) a composite number?
True
Is (23 - 18)*(-34389)/(-15) prime?
False
Suppose 5*p + 144592 = 3*b + 6*p, b - p = 48204. Is b a prime number?
False
Suppose -2*m = -5*c - 68999, 163*m - 69002 = 161*m + 4*c. Is m a composite number?
True
Let i = -10 - 0. Let b = 10 + i. Suppose g - 2*k = 57, -3*g = 2*k - b*k - 211. Is g prime?
True
Let a be (-7)/(-2)*160/70. Is 7*126 - 24/a a prime number?
False
Let r = 11026 + -4841. Is r composite?
True
Let q(o) = -2 + 48*o - 124*o + 46*o + o**3 + 14*o**2. Is q(-13) a composite number?
False
Let o(m) = 8*m + 20*m**2 + 39 + 33 - 71. Is o(4) prime?
True
Suppose 29*g + 4*n + 70148 = 33*g, -g + 3*n = -17533. Is g prime?
True
Let h(x) = -2*x**2 - 11*x + 8. Let y(w) = w**2 - 8*w + 6. Let v be y(6). Let c be h(v). Suppose 0 = -4*s + b + 465, -2*s + c*b = 3*s - 585. Is s composite?
True
Suppose 0 = 3*w - 6, -4*w + 4 + 1 = f. Let c(x) = x. Let z(h) = 87*h + 2. Let n(q) = -4*c(q) - z(q). Is n(f) a composite number?
False
Suppose -5*s = -r - 20, 2*s + 2*r - 4*r = 0. Suppose 3*x - x = w + 15, 4*x + s*w = -5. Suppose 0 = -5*h - x*y + 330, -5*h + 357 - 24 = 2*y. Is h prime?
True
Let r = 3425 - -1922. Is r a prime number?
True
Is 24/(-32) - 187369/(-28) a prime number?
True
Let v(l) = -l**3 - 3*l**2 + 3*l - 4. Let g be v(-4). Suppose g = 4*m - 3*m - 4*r - 115, 0 = 5*m + 5*r - 625. Is m composite?
True
Let l = 24 - 17. Let c(t) = -5*t**2 + 9*t + 4. Let v be c(l). Is (v/(-8))/(1/4) composite?
False
Suppose 0 = -5*c + n + 4385 + 7879, n = -5*c + 12266. Is c composite?
True
Suppose -2*o + 4*z + 153926 = 0, 26*z = 30*z + 4. Is o composite?
False
Let s be (-390)/(-2) - (-12)/((-20)/5). Let z = s + 19. Is z composite?
False
Let d = 1933 + 834. Is d a composite number?
False
Let v be 10/5 + -3 + 3. Let d(q) = -47*q + v + 3 - 1 - 6. Is d(-3) prime?
True
Let l = -512 + -1251. Let w = l + 3504. Is w prime?
True
Is -2*3*443/(-6) prime?
True
Suppose 3*i = -5*m - 11366, 0 = -5*m - 11*i + 6*i - 11370. Let d = -915 - m. Is d prime?
False
Suppose t - 2 = -t, 2*t - 3624 = -2*h. Is h a composite number?
False
Is (59642/(-2))/(36 + -37) a prime number?
False
Let u(d) = d**2 + 8*d + 10. Let r be u(-4). Is 223*1*-2*15/r composite?
True
Let o = 6235 - 3098. Is o a composite number?
False
Let m(v) = v**2 + v + 45. Let f be m(0). Let b be f/10*10/3. Suppose -y = -6*y - 5*u + 590, 5*u + b = 0. Is y a prime number?
False
Suppose 3*f + 2 = -2*z - 21, -33 = 2*z + 5*f. Is 5/(-10) + (-3054)/z composite?
True
Let t(p) = p**3 + 19*p**2 - 12*p - 7. Suppose 5*w + 3*c = 4*c - 95, -w - 19 = -3*c. Is t(w) a composite number?
True
Let t(z) = -19*z**3 + z**2 - 8*z - 10. Let v be t(-4). Suppose -v = -5*f - 424. Is f composite?
True
Let g be -323 - (0 + 0) - (2 - 1). Is ((g - 1) + -1)/(7 + -9) composite?
False
Let j(r) = -3*r + 6. Let x be j(4). Let l(g) = -88*g - 4. Let z be l(x). Let i = -205 + z. Is i composite?
True
Let b = -1713 + 5762. Is b a prime number?
True
Suppose -6015 = -10*k + 62105. Suppose 2*n - k - 12774 = 0. Is n a composite number?
True
Let f(p) = -62*p - 7. Let b(u) = -124*u - 13. Let l(v) = -4*b(v) + 7*f(v). Is l(2) a composite number?
False
Let r = -38 - -42. Suppose -f - 10765 = -5*o, 5549 = 4*o - r*f - 3063. Is o prime?
True
Suppose 5*a = 2*a + 54. Suppose 3*r = 2*m - 3*m + 10, -3*r - 3*m + a = 0. Suppose 0*z = r*z - 3122. Is z a composite number?
True
Suppose 5*g + 23 = -3*j, -3*g - 3*j = -0*j + 15. Let n be 1 + 0 - (-1 + g). Is (-2)/n*(-2 - 259) prime?
False
Suppose 5*g + 4*p = 2*p + 144435, -4*p - 144465 = -5*g. Is g a composite number?
True
Suppose j + 2*b + 4648 = 68645, 0 = -5*j + 5*b + 319970. Is j a composite number?
True
Suppose -3*c - 27994 = -5*c. Is c prime?
True
Suppose -4*r - 3373 = 3*f + 2086, 0 = 2*f - 5*r + 3624. Is 4/(-30) + f/(-15) a prime number?
False
Let s = 12 - -186. Let u = s + -139. Is u a composite number?
False
Let g = 19 + 1. Let f(i) = i**2 - 6*i - 43. Is f(g) a prime number?
False
Suppose 0 = -7*j + 2916 + 1627. Is j a prime number?
False
Suppose -5*i + 395 = -0*i. Let g = 342 - i. Is g a prime number?
True
Suppose -2*v + 2*d - 3 = 3*d, -v = 4*d - 2. Let o be ((-3)/(-1))/(-1 - v). Suppose o*u + 171 = 600. Is u a composite number?
True
Let c(b) = 423*b - 59. Is c(12) prime?
False
Suppose -13328 = 3*v - 5*v. Is 5/15 + v/6*1 prime?
False
Suppose 16 = 3*q + q. Let l be -7 + q + -3 - -3. Let h(s) = -52*s - 1. Is h(l) prime?
False
Let g(c) = -c**3 - 6*c**2 - 4. Let t(o) = 2*o**2 + 9*o + 6. Let h be t(-4). Suppose -2*a - h*a = i + 35, 2*a = 4*i - 22. Is g(a) prime?
True
Is (7 - 4) + (-2)/(-4)*27896 a prime number?
False
Let n(q) = 321*q**3 + 4*q**2 - 6*q + 7. Is n(2) prime?
True
Suppose 0 = 4*z - 5*g - 45511, 2*z - 6*z - g = -45517. Is (3/((-27)/z))/((-3)/9) composite?
False
Suppose 5*c + 356 = -434. Let y = 396 + c. Suppose -o = 3*l - y, -l = o - 201 - 27. Is o a composite number?
False
Suppose 130 = 5*u - 5*a, 5*a = -4*u + a + 72. Suppose -1501 = -3*y - u. Is y a composite number?
True
Suppose -14 = -5*i - 4. Let j = i + 1. Suppose j*b = -4*p + 326 + 285, 407 = 2*b + 3*p. Is b prime?
False
Let t(d) = -d + 13. Let l be t(11). Is (l/3)/((-1)/(-1041)) a composite number?
True
Suppose 61*w + 42399 = 70*w. Is w a prime number?
False
Suppose 5*p - 12 = -3*b, -3*b + 10 = -3*p - 2. Suppose 4*k - 2*k - 596 = p. Is k prime?
False
Let i(q) = -132*q + 61. Is i(-50) a prime number?
True
Suppose -6*f = -4*f + 208. Is ((-43)/(-4))/((-2)/f) - 0 a composite number?
True
Is (-279648)/(-27) + 3/(-9) prime?
True
Let n be (-6)/(4*1/(-2)). Suppose r + r + 5*m + 6 = 0, 0 = -4*m. Let i = n - r. Is i a prime number?
False
Is (23/((-94339)/15722 - -6))/(-2) prime?
False
Let x = -184 - -410. Let g be -1 + (x - (3 - 1)). Let c = g + -96. Is c composite?
False
Let r(t) = 4*t**2 - 5*t + 9. Suppose -3*c - 15 = -0*c. Is r(c) a composite number?
True
Suppose 0 = 4*q - 1666 + 646. Suppose 210*m - 209*m = 3. Suppose 5*f = -4*p + q, 5*f - m*p + 5*p - 245 = 0. Is f prime?
True
Suppose -32*n - 101204 = -36*n. Is n a prime number?
True
Suppose -p + 2 - 6 = 0. Let v be ((-12)/p - 3)*-1. Suppose -n - 3*y + 151 = v, 4*y - 572 = -2*n - 2*n. Is n prime?
True
Let s = -83 + 156. Suppose 0*y - 2*d = y - 98, 0 = -5*y - 4*d + 460. Let z = s + y. Is z a prime number?
False
Suppose -3*j + 7*o = 10*o - 11133, -j + 5*o = -3723. Is j composite?
True
Is (((-1)/1)/((-8)/2008))/1 prime?
True
Suppose 2*x + 298081 = 5*g, 22 - 14 = 4*x. Is g a composite number?
False
Suppose 6*n - 2*n + 125 = k, 5*n = 3*k - 151. Let u = -32 - n. Suppose u = -4*g + 126 - 38. Is g a composite number?
True
Let p be 1181 + 2/(-3 - -4). Suppose -3*s - 1499 = -5*g, 3*g - 3*s = 7*g - p. Is g prime?
False
Let z(w) be the second derivative of -w**3/6 + 3*w**2 + 10*w. Is z(-19) a prime number?
False
Let u be 6/24*(2 + 146). Suppose -u*z + 31*z = -2010. Is z prime?
False
Suppose -459080 = -22*n - 18*n. Is n a prime number?
False
Let x = 151 - 152. Is 2 + (x - -2506) + (-12)/3 a prime number?
True
Suppose -4*k - 2*s + 18 = 0, 2*s - 5 = -5*k + 3*s. Is (-1 - 2) + 299 - (-6)/k prime?
False
Suppose 0 = 3*a - 0*a. Suppose 2 = -a*p + p. Is (1/(-3))/(p/(-1338)) a prime number?
True
Let p(l) = 31*l**2 + 11*l + 27. Is p(-10) a composite number?
True
Suppose -2*l + l + 2 = 0. Suppose -2*c + 10 = -l*q, -5*c + q + 6 = -15. Is (c/2)/((-7)/(-77)) composite?
True
Let t(m) = 12*m**3 - m**2 - 8*m - 2. Let u be t(-6). Let i = u - -3662. Suppose 0*z + i = 5*l + 5*z, -4*l + 859 = 3*z. Is l composite?
False
Let w = 557 + 842. Is w a composite number?
False
Let b be (-4)/14 - (-220)/35. Is (1004/b)/(2/9) a composite number?
True
Let h(l) = 365*l**2 - 6*l + 8. Is h(5) a prime number?
True
Suppose -816 = -2*y - 0*y + 2*m, 0 = -2*y + m + 819. Is y prime?
False
Suppose 4*l + 2*i - 6*i = 364, -245 = -3*l - 4*i. Is l prime?
False
Suppose 514 + 846 = 5*w. Suppose 2*l = -3*q + 577, -2*l + w + 308 = 2*q. Is l a prime number